300023233
What is -1432228 (base 9) in base 13?
-218159
Convert -154235243 (base 7) to base 5.
-10130131043
Convert -56757 (base 9) to base 2.
-1001001110100110
What is -321425 (base 6) in base 12?
-13275
Convert 1e625e (base 16) to base 14.
39b970
What is -1100212 (base 7) in base 9?
-224524
Convert -1110000110111010101 (base 2) to base 13.
-132560
Convert -10101111000111101011 (base 2) to base 15.
-e27e6
What is -58258 (base 13) in base 8?
-472030
17bdd2 (base 14) to base 8
3147744
Convert -1982b10 (base 13) to base 7.
-131266061
What is -b8020 (base 14) in base 2?
-1101100100010001100
What is 232246 (base 11) in base 6?
11524123
What is -12434230 (base 5) in base 13?
-44779
What is 131131 (base 13) in base 7?
3622210
-105652 (base 11) to base 8
-511051
What is 38411 (base 9) in base 14?
95c5
Convert -134215 (base 12) to base 15.
-64472
263223 (base 7) to base 5
3033124
Convert -1222032311 (base 4) to base 14.
-b4805
What is -1640120 (base 7) in base 4?
-313230332
What is 15574 (base 13) in base 4?
21320212
-227453 (base 10) to base 13
-7c6b5
What is -13154534 (base 6) in base 15?
-88e51
Convert -163540 (base 7) to base 8.
-77403
20202543 (base 6) to base 8
2145077
Convert -20021301003 (base 4) to base 10.
-2137155
What is -4222443 (base 6) in base 8?
-621073
What is -2355106 (base 10) in base 14?
-4543bc
What is 213551155 (base 6) in base 15?
508408
1114111 (base 5) to base 2
100110111000010
102112220102 (base 3) to base 11
145918
-1010111101010101100 (base 2) to base 11
-225870
What is bb4b (base 13) in base 3?
1022210021
1042142321 (base 5) to base 8
10621564
Convert -121853 (base 15) to base 16.
-d3656
What is -14669654 (base 10) in base 4?
-313331131112
-31020213 (base 5) to base 9
-422651
What is 11131322022 (base 4) in base 14?
294454
-364518 (base 14) to base 12
-756062
1b2365 (base 12) to base 13
13ab6a
What is -14405604 (base 10) in base 9?
-30085686
What is -491084 (base 12) in base 8?
-4410044
Convert -11101000110011101011110 (base 2) to base 13.
-17713b4
What is 3121321 (base 5) in base 10?
51461
Convert 1271b9 (base 12) to base 11.
197459
What is -200140242 (base 5) in base 2?
-11000000001000000011
Convert 5c1b13 (base 15) to base 9.
8261640
Convert 3443401 (base 6) to base 3.
22222212101
What is -47156 (base 9) in base 12?
-16273
Convert 761a19 (base 16) to base 11.
440713a
What is 6cca91 (base 13) in base 9?
4800622
Convert -1002233101 (base 4) to base 2.
-1000010101111010001
What is 55052 (base 9) in base 11?
2546a
5305 (base 10) to base 8
12271
-122343044 (base 5) to base 3
-1002222212122
What is -360241 (base 7) in base 9?
-108081
Convert -67606244 (base 8) to base 4.
-313300302210
What is -5246898 (base 10) in base 6?
-304243110
Convert -101010111000011110111100 (base 2) to base 13.
-2437925
What is 1c5900 (base 13) in base 12?
2b0543
-310132320 (base 4) to base 3
-101220212210
-2122201221201 (base 3) to base 10
-1412038
-3414617 (base 8) to base 14
-1a0a75
What is -15218 (base 13) in base 3?
-2000201222
What is 13045730 (base 9) in base 14?
bcb2a3
22751087 (base 9) to base 4
222100003000
Convert 774cc (base 13) to base 8.
646126
What is -2606255 (base 7) in base 16?
-529a0
-6226810 (base 9) to base 12
-1144169
20128 (base 16) to base 7
1054666
What is -12100233 (base 4) in base 12?
-12a13
Convert -132000220 (base 6) to base 2.
-1001111101111001010100
-13530583 (base 10) to base 5
-11430434313
596899 (base 11) to base 15
13a4c6
-110704 (base 9) to base 13
-2417b
254252212 (base 7) to base 16
f6a5e5
Convert 1022210022200 (base 3) to base 16.
abfc0
452402312 (base 6) to base 3
120111210102022
Convert -1d4607 (base 15) to base 12.
-590ab1
1444421 (base 6) to base 5
10141330
What is -3255583 (base 11) in base 5?
-2430423331
Convert 100011111111000001110 (base 2) to base 6.
41135010
Convert -102135251 (base 6) to base 13.
-4a6a94
178517 (base 11) to base 12
113049
Convert 170811 (base 13) to base 5.
121310321
What is 3014286 (base 12) in base 9?
17815413
Convert -101312330032 (base 4) to base 10.
-4681486
What is -2a905 (base 15) in base 5?
-13341110
Convert 130131320 (base 5) to base 4.
2121313002
180332 (base 9) to base 11
77005
Convert 2101102222120 (base 3) to base 5.
311042243
-426054 (base 7) to base 2
-10010000110001111
What is -203310 (base 7) in base 4?
-20133231
Convert 41443550 (base 6) to base 10.
1203546
-15225224 (base 6) to base 13
-158509
Convert -d9d2c (base 16) to base 12.
-3703a4
What is -1006415 (base 7) in base 9?
-202438
367372 (base 8) to base 3
20102211010
24480 (base 9) to base 4
10000302
Convert -220001210212 (base 3) to base 4.
-1303221233
What is -64992 (base 14) in base 16?
-3b6a4
1360 (base 11) to base 12
1028
20032030332 (base 4) to base 2
1000001110001100111110
What is 42742 (base 10) in base 16?
a6f6
-2320056 (base 8) to base 5
-130141310
-48481 (base 9) to base 15
-994d
Convert 315362 (base 11) to base 9.
848507
Convert -442271 (base 8) to base 10.
-148665
Convert 1425260 (base 8) to base 7.
3302156
Convert 862e5d (base 16) to base 4.
201202321131
What is 232253 (base 6) in base 2?
100111000001001
14c00c (base 13) to base 3
222000012202
What is 294abc (base 13) in base 16?
f6a5c
4132070 (base 8) to base 5
240012322
20677073 (base 8) to base 7
52411464
Convert -10122312302 (base 4) to base 7.
-12563531
What is 2803013 (base 12) in base 16?
79944f
What is 35cc8 (base 14) in base 6?
2452440
-3937 (base 16) to base 13
-6889
What is -2a8a61 (base 12) in base 9?
-1317131
-2763a (base 16) to base 14
-42b22
What is 153b243 (base 13) in base 4?
121322210231
What is 4b092 (base 12) in base 9?
165002
What is 204b106 (base 12) in base 9?
12377046
-e9ea (base 16) to base 8
-164752
Convert 43f62 (base 16) to base 14.
73638
Convert 131224413 (base 5) to base 11.
403448
213200232 (base 5) to base 6
31320503
26896 (base 10) to base 13
c31c
204205 (base 7) to base 2
1000100100010001
Convert -231575 (base 8) to base 3.
-10222222110
-dca10 (base 16) to base 9
-1626566
3031121110 (base 4) to base 14
17c84c
ee2eb (base 15) to base 13
206546
Convert 1011210 (base 4) to base 14.
18a0
250115 (base 6) to base 10
22079
What is 22111121010 (base 3) in base 2?
101000110111010000
What is -2121122220001 (base 3) in base 6?
-45451044
-1310323312 (base 4) to base 16
-74ef6
What is -1149aa5 (base 12) in base 9?
-6242528
-32300231 (base 5) to base 7
-2223641
Convert 8540 (base 9) to base 12.
3769
What is 1000100110111100011110101 (base 2) in base 3?
1020222012120011
What is -1021212202002 (base 4) in base 14?
-27c3670
What is -3135215 (base 9) in base 13?
-469346
Convert 33634a (base 11) to base 6.
15251023
a31654 (base 11) to base 3
10010011100200
Convert 86e92 (base 16) to base 14.
105550
-230112311012 (base 4) to base 10
-11627846
Convert 24525536 (base 7) to base 3.
11011012111112
What is -110121221101 (base 3) in base 4?
-330223201
-a9183 (base 16) to base 12
-294997
What is 70c841 (base 15) in base 12?
196482a
Convert -348556 (base 10) to base 2.
-1010101000110001100
b646 (base 13) to base 7
133404
Convert -100110101100110111 (base 2) to base 3.
-22001110002
What is a3caa (base 13) in base 9?
487716
44663450 (base 7) to base 11
2211073
-1502032 (base 6) to base 16
-14fe4
Convert -12122022110211 (base 3) to base 9.
-5568424
What is 1010110000111000000 (base 2) in base 16?
561c0
What is -133307 (base 9) in base 13?
-2ac3a
What is -1110100111100111 (base 2) in base 4?
-32213213
What is 1578c (base 14) in base 2?
1101000110000000
Convert 1211103 (base 8) to base 16.
51243
What is 52132 (base 13) in base 16?
23fd1
Convert 1b844 (base 16) to base 10.
112708
Convert -2f1e68 (base 16) to base 10.
-3087976
Convert -615053 (base 12) to base 2.
-101110011101011111111
511521 (base 8) to base 3
22120112022
Convert 10001110101111110110 (base 2) to base 3.
1002201001100
What is -127a8 (base 11) in base 15?
-562d
-b28954 (base 12) to base 8
-12520520
What is 22002210211 (base 3) in base 14?
421b9
-76ca (base 15) to base 11
-179a8
What is 2230301113 (base 4) in base 2?
10101100110001010111
-3eb41 (base 16) to base 13
-8cb95
Convert 1e8a04 (base 15) to base 7.
15504352
8446d (base 14) to base 5
40203220
12102201 (base 3) to base 12
2361
8a0440 (base 12) to base 2
1000011000110001110000
What is -195462 (base 10) in base 6?
-4104530
906